t n(y) = y**2 + 21*y + 12. Let k be n(-21). Let m(g) = g + 7. Let c be m(k). Let h(s) = 21 - s + c - 35. Determine h(0).
5
Let d = 618 + -560. Suppose 23 = -5*o + d. Let p(s) = 3*s + 2. Calculate p(o).
23
Let w(r) = 4*r - 2. Let p(t) be the first derivative of -3*t**2/2 + 258. Let k(a) = 3*p(a) + 2*w(a). What is k(-4)?
0
Let n(v) = 2*v - 497. Let c(t) = -t + 224. Let x(p) = 9*c(p) + 4*n(p). Give x(31).
-3
Let s(n) = -7 + 11*n**2 - 6*n + 13*n**2 - n**3 - 23*n**2. Let b be 2*12/8 + -9. Let y(z) = -z**3 - 6*z - 7. Let m(g) = b*s(g) + 5*y(g). Give m(5).
12
Suppose -9*r = -13*r + 704. Let q(k) = 6*k - 176 + 2*k + r. What is q(1)?
8
Suppose 217 = 8251*i - 8220*i. Suppose -15 = 5*s - 10*s. Let j(w) = -5 + w - s*w + w**2 - 2*w. Give j(i).
16
Let m(f) = -f. Suppose -120 = -6*a + 2*a. Suppose 4*u - 154 + 46 = 5*o, 0 = 3*o. Let d = a - u. Give m(d).
-3
Let w(m) = 5*m - 123149 + m + 123149. What is w(-5)?
-30
Let p(q) = q**2 + 3*q - 11. Let v = 8289 + -8282. Calculate p(v).
59
Let a(h) = h + 1. Suppose -14*b + 9*b = 0. Suppose -32 = -4*z - 2*o, -3*z + z + 5*o + 4 = b. Let j = z + -8. Determine a(j).
0
Let i(z) = 25*z + 282. Let n(r) = -r + 64. Let l(y) = -i(y) + 5*n(y). Determine l(1).
8
Let t = -32 + 30. Let n(c) be the third derivative of -c**6/120 - c**5/15 - c**4/12 + 2*c**3/3 - 12*c**2. Let b be n(t). Let l(d) = d**2 - d + 5. What is l(b)?
5
Let a = -8152 + 8145. Let c(l) = 8*l + 46. Give c(a).
-10
Let a be (-13 - -4)*(5 - 2/1). Let n be 0*3/a*3. Let m be -2*((-9)/6 + n/(-1)). Let p(u) = -u**2 + 4*u + 1. Calculate p(m).
4
Suppose -2*l - 16 = -2*q, 0 = 5*q + 3*l - 2 - 14. Let x(r) be the first derivative of -3*r**2/2 - r - 26. Give x(q).
-16
Let v(d) be the second derivative of -d**3/2 - d**2/2 - 2*d. Suppose 40*u + 88 = -18*u - 28. Calculate v(u).
5
Let f(k) be the second derivative of k**6/360 + k**5/120 - 2*k**4 + k**2/2 + 6*k + 2. Let j(p) be the third derivative of f(p). Let a = 4 + -5. What is j(a)?
-1
Let u = 14416 - 14429. Let r(s) = 39*s + 513. Give r(u).
6
Let d(z) = z**3 + 2*z**2 - 4*z + 4. Suppose x - 5*h + 33 = -x, -x - h = -1. Let m be (-5 + 9)/(4/x). What is d(m)?
-12
Let z(d) be the first derivative of -d**4/4 + 4*d**3/3 - 3*d**2/2 + 4*d + 26. Determine z(4).
-8
Let o(a) = -a**2 - 10*a - 4. Let m = 622 - 620. Suppose -7 = 3*j + 55*y - 60*y, m*j + 38 = -5*y. Calculate o(j).
5
Let f(m) = 7*m**2 - 6*m**2 - 2*m**2 - 11*m - 5. Let g(n) be the second derivative of n**4/12 + 5*n**3/6 - 2*n**2 + 31*n. Let t be g(-3). Give f(t).
5
Let k = -18154 - -18190. Let i(b) be the second derivative of 1/4*b**4 + 3/2*b**2 + 0 - k*b - 1/2*b**3. Determine i(2).
9
Let a(q) = -q**2 + 16*q + 17. Let r be a(17). Let g be (-2 + r)*4/(24/(-9)). Suppose -g*t = -2*z - 3, 5*t - z = -1 + 6. Let c(n) = -4*n - 1. Determine c(t).
-5
Let n(y) be the first derivative of -19 - 7/120*y**5 + 0*y + 1/360*y**6 - 2*y**3 + 0*y**4 + 0*y**2. Let z(a) be the third derivative of n(a). Determine z(3).
-12
Let a(k) = -k**3 + 10*k**2 + k - 2. Let g(d) = 4*d - 30. Let w be g(10). Let x be a(w). Let m be 18/x - 16/64. Let n(u) = 2*u**2 - 2*u. Give n(m).
4
Let u be 8/(-6)*(-2703)/(-34). Let p = u - -97. Let d(j) = j**2 + 11*j + 13. Determine d(p).
-5
Let h(a) = 5*a**3 + 1. Suppose 24 = -s + 5*o, 8*o + 24 = 4*s + 12*o. Calculate h(s).
6
Let v(a) = 1 - a - 2*a + 2*a. Let x = -119 + 131. Suppose -x = 3*s + s. Determine v(s).
4
Let a(n) = -400*n + 126. Let g(t) = 66*t - 1. Let b(z) = a(z) + 6*g(z). Give b(15).
60
Suppose 35 = 5*h - 2*n, 3*h + 4*n - 21 = 6*n. Suppose -h = -3*i + 14. Suppose 0 = -i*s - 47 + 12. Let z(y) = y**2 + 8*y + 5. What is z(s)?
-10
Suppose 6*a = -5*a + 198. Suppose a*z = 4*z - 84. Let t(d) = 3*d + 14. Let l(j) = -3*j - 15. Let s(k) = -5*l(k) - 6*t(k). Give s(z).
9
Let g(t) = -t**3 + 3*t**2 + t + 1. Let y(v) = -2*v**2 - 9*v + 22. Suppose 0 = 6*c + 52 - 16. Let l be y(c). Give g(l).
-11
Suppose -2*k = -14, -2*n - n + 5*k - 53 = 0. Let f(u) = u**2 + 6*u + 7. Determine f(n).
7
Let a(o) = -10*o + o**3 + 3 - 5 - 2*o**2 - o**2. Let q(p) = p + 1. Let s = 673 + -668. Let u(g) = s*q(g) + a(g). Give u(4).
-1
Suppose 4*f + 2 = -2*b + 3*b, 14 = 2*b - 3*f. Let u = b + -6. Let y(t) = -12*t**2 - 7*t - 5. Let j(v) = 2*v**2 + 2*v + 2. Let i(w) = -5*j(w) - y(w). Give i(u).
15
Let m(o) = 2*o**2 + o**2 - 6 + 7*o**2 + 92*o - 12*o**2 - 87*o. Give m(2).
-4
Let x(d) be the third derivative of d**4/24 - 13*d**3/6 + 793*d**2. Give x(16).
3
Suppose 137*l - 238*l - 1170 = 289*l. Let x(u) = u**3 + 16*u**2 + 37*u - 6. Determine x(l).
0
Let j(g) be the first derivative of 3*g**2/2 + 40*g + 2872. What is j(-4)?
28
Let c(a) = a - 5. Let l(u) = 2*u**2 + 77*u - 388. Let m be l(-43). Determine c(m).
-6
Suppose -11*o + 3*o = -48. Let n(a) = 7*a - 9*a - o*a**2 + 7*a**2 - 2*a**2 - 2*a**3. What is n(-2)?
16
Suppose -5*y - b + 23 = 0, -17 = 5*y + 3*b - 46. Suppose y*k - 3*z = -4*z + 16, -k = 3*z - 4. Let a(p) = p**3 - 2*p**2 - 3*p - 3. Give a(k).
17
Suppose 0*y = 3*n + 2*y - 22, -37 = -4*n + 5*y. Let p(l) = n*l + l**3 - 12*l**2 + 37 - 12 + 0*l**3 + 2*l - 14. Calculate p(11).
0
Let c(m) be the third derivative of -m**6/120 + m**5/12 + 3*m**4/8 - m**3/2 + 1720*m**2. Calculate c(6).
15
Let i(u) = 56*u**2 - u. Let h be i(-1). Let g = -50 + h. Let t(o) = 6*o + 5 + 0 - o**2 - 3. What is t(g)?
-5
Let t(d) be the second derivative of -d**5/5 - d**4/4 + d**3/2 - d**2/2 + 4016*d. Calculate t(2).
-39
Let r(m) = 3*m**3 - 44*m**2 + 25*m + 47. Let x be r(14). Let j(s) = 32*s - 150. Calculate j(x).
10
Let b(z) = 494*z - 315. Let o(t) = -613*t + 317. Let d(u) = -5*b(u) - 4*o(u). Calculate d(18).
-17
Let s(l) = 2*l**3 - 117*l**2 - 180*l + 5. Let p be s(60). Let t(z) = 2*z**2 + 14*z - 125. What is t(p)?
-5
Suppose 0 = -14*b - 3*b + 102. Let y(v) = -3 - 3*v + 7 + 0*v + 2*v - b. Calculate y(-5).
3
Let s(a) = 2*a + 11. Let i(c) = -15*c - 338. Let f be i(-22). Give s(f).
-5
Suppose 3*j = -3*j + 36. Let s(p) = -p - 1. Let f(i) = 7*i - 2. Suppose -3*o - 39 = -42. Let x(l) = o*f(l) + 5*s(l). What is x(j)?
5
Let t(z) = 4*z**2 + 4. Let i(h) = 5*h**2 - h + 5. Let g(n) = n**2 + 21*n - 104. Let v be g(-25). Let j(x) = v*t(x) + 3*i(x). Give j(-4).
-5
Let w(q) = 194*q**2 - 3*q + 3 - 6*q - 195*q**2. Calculate w(-10).
-7
Let l(c) = c**2 + 6*c + 5. Let s(x) = 5*x**2 + 30*x + 24. Let t(u) = -3 - 21 - u**2 + 9*u + 6. Let n be t(4). Let d(v) = n*s(v) - 11*l(v). Give d(-5).
-2
Let v(k) = -k**2 - 13*k + 1. Let j = -3965 + 3952. Calculate v(j).
1
Let r(k) = -2*k - 2. Let p(l) = 10 - l + 3*l + 16 - 27. Suppose 6 + 4 = -5*s. Let i be p(s). Give r(i).
8
Let k(h) be the first derivative of 2*h**2 - 2210*h - 176 - 4*h**2 + 2241*h. Calculate k(9).
-5
Let l(y) = -y**2 - 3*y + 4. Let q(f) = 6*f + 3. Let k = -15 + 15. Let j be q(k). Suppose 3*p = -0*v - j*v, 0 = p - 4*v + 15. Determine l(p).
4
Let x be (7/5 - 1) + 51/(-15). Let g(d) = -5*d**2 - 16*d - 1. Let k be g(x). Let y(b) = -2*b**2 + 4*b - 2. Calculate y(k).
-2
Let b(r) = r**2 - r + 6. Let o(a) = -2*a**2 + a - 66. Let v(n) = -b(n) - o(n). Calculate v(0).
60
Suppose 2*q - 2*j + 7 - 11 = 0, -5*q + 16 = j. Let c(a) = -30 + 9*a**2 + 36 + q*a**3 - 2*a**3. Calculate c(-9).
6
Let y(c) = 475 - 468 - 3*c**2 - c + c**3 + c + 2*c**2. What is y(-3)?
-29
Let l(i) be the second derivative of -i**5/20 + i**4 + 9*i**3/2 - 11*i**2/2 + 3459*i. Determine l(14).
-25
Let q be 1904/680 - (-2)/10. Let x(d) = 29*d. What is x(q)?
87
Let i(x) be the first derivative of 4*x**2 + 191*x - 654. Give i(-23).
7
Let i(k) = -140*k + 74*k + 1 + 64*k. Let t(b) = -19*b + 2. Let q(g) = -6*i(g) + t(g). What is q(4)?
-32
Let f(h) be the first derivative of h**4/2 - 11*h**3/3 + 8*h**2 + h + 119. Let d be f(2). Let k(w) = w**2 + 1 - 6*w**2 + 5*w - 4*w + w**3. Determine k(d).
6
Let f(y) be the second derivative of -y**4/12 + y**3/3 + 30*y**2 + 6968*y. Determine f(-7).
-3
Let h(i) = -1. Let m(y) = y**2 - 9*y + 1. Let r(j) = 2*h(j) - m(j). Suppose -9*l - 313 + 376 = 0. Give r(l).
11
Let l(g) be the first derivative of -g**4/4 - 17*g**3/3 - 45*g**2/2 - 9*g - 1541. Determine l(-14).
33
Suppose 461*m = -68*m + 4761. Let k(a) = 18*a - 161. Give k(m).
1
Suppose 0 = -u - w + 38, 2*w - 41 - 76 = -3*u. Suppose g - u = -42. Let c(t) = 9*t**2 + 2*t + 1. Determine c(g).
8
Let i(r) = 2*r - 1. Suppose 172 = 9*z + 55. Suppose 4*a = 5*t - 11, -t = a + 2*a + z